{"id":381,"date":"2019-05-16T09:38:35","date_gmt":"2019-05-16T09:38:35","guid":{"rendered":"https:\/\/architekt-r-becker.de\/?page_id=381"},"modified":"2019-11-27T15:38:36","modified_gmt":"2019-11-27T13:38:36","slug":"datenschutzerklarung","status":"publish","type":"page","link":"https:\/\/architekt-r-becker.de\/index.php\/datenschutzerklarung\/","title":{"rendered":"Datenschutzerkl\u00e4rung"},"content":{"rendered":"\n<p class=\"has-medium-font-size\">Informationen zum Datenschutz von Architekturb\u00fcro Roman Becker<\/p>\n\n\n\n<h4 class=\"wp-block-heading\"><strong>1.Gegenstand der Datenschutzerkl\u00e4rung<\/strong><\/h4>\n\n\n\n<p class=\"has-medium-font-size\">Der Schutz Ihrer personenbezogenen Daten (im Folgenden kurz ,,Daten\u201c) ist uns ein gro\u00dfes und sehr wichtiges Anliegen. Nachfolgend m\u00f6chten wir Sie daher ausf\u00fchrlich dar\u00fcber informieren, welche Daten bei uns erhoben und wie diese von uns im Folgenden verarbeitet oder genutzt werden sowie dar\u00fcber, welche begleitenden Schutzma\u00dfnahmen wir auch in technischer und organisatorischer Hinsicht getroffen haben .Name und Kontaktdaten des Verantwortlichen \/ Diensteanbieters<\/p>\n\n\n\n<h4 class=\"wp-block-heading\"><strong>2.Name und Kontaktdaten des Verantwortlichen \/ Diensteanbieters<\/strong><\/h4>\n\n\n\n<p class=\"has-medium-font-size\">Verantwortlicher nach Art. 4 Nr. 7 DSGVO und Diensteanbieter nach \u00a7 13 TMG ist<\/p>\n\n\n\n<p class=\"has-medium-font-size\">Architekturb\u00fcro Roman Becker<\/p>\n\n\n\n<p class=\"has-medium-font-size\">Zum Stausee 59 , 66679 Losheim am See<\/p>\n\n\n\n<p class=\"has-medium-font-size\">Tel: 06872-91930<\/p>\n\n\n\n<p class=\"has-medium-font-size\">info@architekt-r-becker.de<\/p>\n\n\n\n<h4 class=\"wp-block-heading\"><strong>3.Zwecke und Rechtsgrundlage der Verarbeitung Ihrer Daten sowie Speicherdauer<\/strong><\/h4>\n\n\n\n<p class=\"has-medium-font-size\">Alle personenbezogenen Daten, die wir von Ihnen erheben, werden wir nur zu dem angegebenen Zweck erheben, verarbeiten und nutzen. Dabei beachten wir, dass dies nur im Rahmen der jeweils geltenden Rechtsvorschriften bzw. ansonsten nur mit Ihrer Einwilligung geschieht.<br>\nUmfang und Art der Verarbeitung Ihrer Daten unterscheidet sich danach, ob Sie unseren Internetauf-tritt nur zum Abruf von Informationen besuchen oder von uns angebotene Leistungen in Anspruch nehmen:<\/p>\n\n\n\n<p class=\"has-medium-font-size\"><strong>a) Internetnutzung<\/strong><\/p>\n\n\n\n<p class=\"has-medium-font-size\">F\u00fcr die rein informatorische Nutzung unseres Internetauftritts ist es grunds\u00e4tzlich nicht erforderlich, dass Sie personenbezogene Daten angeben. Vielmehr erheben und verwenden wir in diesem Fall nur diejenigen Ihrer Daten, die uns Ihr Internetbrowser automatisch \u00fcbermittelt. Diese Informationen werden tempor\u00e4r in einem sog. Logfile gespeichert und k\u00f6nnen m\u00f6glicherweise eine Identifizierung zulas-sen. Folgende Informationen werden dabei ohne Ihr Zutun erfasst und bis zur automatisierten L\u00f6schung gespeichert:<\/p>\n\n\n\n<ul><li>Datum und Uhrzeit des Abrufs einer unserer Internetseiten<\/li><li>Ihren Browsertyp<\/li><li>die Browser-Einstellungen<\/li><li>das verwendete Betriebssystem<\/li><li>die von Ihnen zuletzt besuchte Seite<\/li><li>die \u00fcbertragene Datenmenge und der Zugriffsstatus (Datei \u00fcbertragen, Datei nicht gefunden etc.) sowie<\/li><li>Ihre IP-Adresse<\/li><\/ul>\n\n\n\n<p class=\"has-medium-font-size\">Diese Daten erheben und verarbeiten wir zu dem Zweck, die Nutzung der von Ihnen aufgerufenen Internetseiten \u00fcberhaupt zu erm\u00f6glichen und unser Internetangebot zu verbessern. Ferner verarbeiten wir die Daten zu Zwecken der Gew\u00e4hrleistung der Systemsicherheit und -stabilit\u00e4t einschlie\u00dflich der Abwehr und Analyse von Angriffen auf unsere Internetseiten.<br> Die IP-Adresse speichern wir f\u00fcr die Dauer von 30 Tagen und nur zu den vorgenannten Zwecken; danach werden die Daten gel\u00f6scht bzw. nur noch in anonymisierter Form gespeichert. Eine Auswertung zu statistischen Zwecken findet allenfalls in anonymisierter Form statt. Eine Zusammen-f\u00fchrung dieser Daten mit anderen Datenquellen wird nicht vorgenommen.<br> Rechtsgrundlage f\u00fcr die vor\u00fcbergehende Speicherung der Daten und der Logfiles ist Art. 6 Abs. 1 lit. f DSGVO. Das berechtigte Interesse ergibt sich aus den aufgef\u00fchrten Zwecken.<\/p>\n\n\n\n<p class=\"has-medium-font-size\"><strong>b)Eingebette Inhalte und Links<\/strong><\/p>\n\n\n\n<p class=\"has-medium-font-size\">Beitr\u00e4ge auf dieser Website k\u00f6nnen eingebettete Inhalte beinhalten  (z.&nbsp;B. Videos, Bilder, Beitr\u00e4ge, Links etc.). Eingebettete Inhalte von anderen  Websites verhalten sich exakt so, als ob der Besucher die andere Website  besucht h\u00e4tte.<\/p>\n\n\n\n<p class=\"has-medium-font-size\">Diese Websites k\u00f6nnen Daten \u00fcber Sie  sammeln, Cookies benutzen,  zus\u00e4tzliche Tracking-Dienste von Dritten einbetten und deine Interaktion  mit diesem eingebetteten Inhalt aufzeichnen, inklusive deiner  Interaktion mit dem eingebetteten Inhalt, falls du ein Konto hast und  auf dieser Website angemeldet bist.<\/p>\n\n\n\n<p class=\"has-medium-font-size\"><strong>c)Scriptbibliotheken, Google Webfonts<\/strong><\/p>\n\n\n\n<p class=\"has-medium-font-size\">Um unsere Inhalte browser\u00fcbergreifend korrekt \nund grafisch ansprechend darzustellen verwenden wir auf dieser Website \nScriptbibliotheken und Schriftbibliotheken wie z. B. Google Webfonts (<a href=\"http:\/\/www.google.com\/webfonts\/\" target=\"_blank\" rel=\"noreferrer noopener\">https:\/\/www.google.com\/webfonts\/<\/a>).\n Google Webfonts werden zur Vermeidung mehrfachen Ladens in den Cache \nIhres Browsers \u00fcbertragen. Falls der Browser die Google Webfonts nicht \nunterst\u00fctzt oder den Zugriff unterbindet, werden Inhalte in einer \nStandardschrift angezeigt.\n<\/p>\n\n\n\n<p class=\"has-medium-font-size\">Der Aufruf von Scriptbibliotheken oder Schriftbibliotheken l\u00f6st \nautomatisch eine Verbindung zum Betreiber der Bibliothek aus. Dabei ist \nes theoretisch m\u00f6glich \u2013 aktuell allerdings auch unklar ob und ggf. zu \nwelchen Zwecken \u2013 dass Betreiber entsprechender Bibliotheken Daten \nerheben.\n<\/p>\n\n\n\n<p class=\"has-medium-font-size\">Die Datenschutzrichtlinie des Bibliothekbetreibers Google finden Sie hier: <a href=\"https:\/\/www.google.com\/policies\/privacy\/\" target=\"_blank\" rel=\"noreferrer noopener\">https:\/\/www.google.com\/policies\/privacy\/<\/a><\/p>\n\n\n\n<h4 class=\"wp-block-heading\"><strong>4. Einsatz von Cookies<\/strong><\/h4>\n\n\n\n<p class=\"has-medium-font-size\">Auf unseren Internetseiten setzen wir sog. Cookies ein. Cookies sind kleine Textdateien, die im Rah-men Ihres Besuchs auf unseren Internetseiten von unserem Webserver an Ihren Browser gesandt und von diesem auf Ihrem Rechner f\u00fcr einen sp\u00e4teren Abruf vorgehalten werden.<br> Die von uns verwendeten Cookies k\u00f6nnen in folgende Arten eingeteilt werden:<\/p>\n\n\n\n<p class=\"has-medium-font-size\"><br>Session-Cookies speichern eine sogenannte Session-ID, mit welcher sich verschiedene Anfragen Ihres Browsers der gemeinsamen Sitzung zuordnen lassen. Dadurch kann Ihr Rechner wiedererkannt werden, wenn Sie auf unsere Webseite zur\u00fcckkehren. Die Session-Cookies werden gel\u00f6scht, wenn Sie sich ausloggen oder den Browser schlie\u00dfen.<\/p>\n\n\n\n<p class=\"has-medium-font-size\"><br>Permanente Cookies speichern eine Datei \u00fcber einen bestimmten Zeitraum auf Ihrem Computer. Durch diese Cookies erinnern sich Webseiten bei Ihrem n\u00e4chsten Besuch an Ihre Informationen und Einstellungen. Das f\u00fchrt zu einem schnelleren und bequemeren Zugriff, da Sie z. B. nicht erneut ihre Spracheinstellung f\u00fcr unser Portal vornehmen m\u00fcssen. Permanente Cookies werden automatisiert nach einer vorgegebenen Dauer gel\u00f6scht, die sich je nach Cookie unterscheiden kann. Sie k\u00f6nnen die Cookies in den Sicherheitseinstellungen Ihres Browsers jederzeit l\u00f6schen.<\/p>\n\n\n\n<p class=\"has-medium-font-size\"><br>Drittanbieter-Cookies stammen von anderen Anbietern als von uns als Betreiber der Webseite (z.B. von Google, vgl. hierzu nachstehend Ziffer 7 dieser Datenschutzhinweise). Sie k\u00f6nnen beispielsweise zum Sammeln von Informationen f\u00fcr Werbung, benutzerdefinierte Inhalte und Web-Statistiken ver-wendet werden.<\/p>\n\n\n\n<p class=\"has-medium-font-size\"><strong>Wir setzen folgende Cookies ein:<\/strong><\/p>\n\n\n\n<p class=\"has-medium-font-size\">WordPress Test Cookie, Laufzeit: Verbindung, Funktion: Testet Cookie Einstellung ihrer Browsers, Speicherung: Nein.<\/p>\n\n\n\n<p class=\"has-medium-font-size\">Die bei dem Einsatz von Google Analytics durch Cookies erzeugten Informationen \u00fcber die Benutzung dieser Website (einschlie\u00dflich der IP-Adresse der Nutzer) k\u00f6nnen auch an Server von Google LLC in der Europ\u00e4ischen Union und den USA \u00fcbertragen und dort gespeichert werden (vgl. hierzu Ziffer 7 dieser Datenschutzhinweise). Die weitergebenen Daten k\u00f6nnen nicht mit anderen von Ihnen gespei-cherten Daten zusammengef\u00fchrt werden.<\/p>\n\n\n\n<p class=\"has-medium-font-size\">Ob Cookies gesetzt und abgerufen werden k\u00f6nnen, k\u00f6nnen Sie durch die Einstellungen in Ihrem Browser selbst bestimmen. Sie k\u00f6nnen in Ihrem Browser etwa das Speichern von Cookies g\u00e4nzlich deaktivieren, es auf bestimmte Webseiten beschr\u00e4nken oder Ihren Browser so konfigurieren, dass er Sie automatisch benachrichtigt, sobald ein Cookie gesetzt werden soll und Sie um R\u00fcckmeldung dazu bittet. <\/p>\n\n\n\n<p class=\"has-medium-font-size\">Wir holen vor der Nutzung von Cookies Ihre Einwilligung f\u00fcr die Verarbeitung Ihrer personenbezoge-nen Daten durch den Einsatz von Cookies im vorstehend beschriebenen Umfang ein. Rechtsgrundla-ge f\u00fcr die Verarbeitung Ihrer Daten durch den Einsatz von Cookies ist insoweit Art. 6 Abs. 1 lit. a DSGVO. Ihre erteilte Einwilligung k\u00f6nnen Sie jederzeit f\u00fcr die Zukunft widerrufen, indem Sie den Einsatz der Cookies \u2013 wie vorstehend beschrieben \u2013 verhindern bzw. deaktivieren. Durch den Widerruf der Einwilligung wird die Rechtm\u00e4\u00dfigkeit der aufgrund der Einwilligung bis zum Widerruf erfolgten Verarbeitung nicht ber\u00fchrt.<\/p>\n\n\n\n<h4 class=\"wp-block-heading\"><strong>5.Datensicherheit<\/strong><\/h4>\n\n\n\n<p class=\"has-medium-font-size\">Wir haben technische und organisatorische Sicherheitsma\u00dfnahmen getroffen, um auf unseren Inter-netseiten anfallende oder erhobene personenbezogene Daten zu sch\u00fctzen, insbesondere gegen zuf\u00e4llige oder vors\u00e4tzliche Manipulation, Verlust, Zerst\u00f6rung oder gegen den Angriff seitens unberechtigter Personen. Unsere Sicherheitsma\u00dfnahmen werden entsprechend der technologischen Entwicklung fortlaufend verbessert.<\/p>\n\n\n\n<p class=\"has-medium-font-size\"><br>Soweit wir Ihnen diverse Online-Formulare und -Dienste bereitstellen, mit denen Sie personenbezogene Daten an uns senden k\u00f6nnen, sind diese Formulare gegen Einsichtnahme Dritter durch die Verwendung von TLS-Verschl\u00fcsselung gesch\u00fctzt. Je nach Service k\u00f6nnen Sie zudem bei verschiedenen Eingaben zur Identifizierung bzw. Verhinderung von Missbrauch aufgefordert werden:<\/p>\n\n\n\n<p class=\"has-medium-font-size\"><br>a) Zur Identifizierung bei der Anlieferung von Daten kann die Eingabe einer benutzerdefinierten Ken-nung oder anderweitigen geeigneten Authentifikation verlangt werden. Die Daten werden \u00fcber SFTP oder HTTPS gegen Kenntnisnahme Dritter gesch\u00fctzt, sofern der Nutzer die von uns empfohlenen Wege der Daten\u00fcbermittlung nutzt.<\/p>\n\n\n\n<p class=\"has-medium-font-size\"><br>b) Zur Verhinderung der Nutzung durch Maschinen k\u00f6nnen sogenannte CAPTCHAS verwendet wer-den, die Bilder oder Aufgaben enthalten, die von Computerskripten nicht verarbeitet werden k\u00f6nnen.<\/p>\n\n\n\n<h4 class=\"wp-block-heading\"><strong>6.Betroffenenrechte<\/strong><\/h4>\n\n\n\n<p class=\"has-medium-font-size\">Nach den anwendbaren Gesetzen haben Sie verschiedene Rechte im Zusammenhang mit der Verarbeitung Ihrer personenbezogenen Daten. M\u00f6chten Sie diese Rechte geltend machen, so richten Sie Ihre Anfrage bitte per E-Mail oder per Post unter eindeutiger Identifizierung Ihrer Person an die unter Ziffer 2 dieser Datenschutzhinweise genannte E-Mail- bzw. Postadresse. Nachfolgend finden Sie eine \u00dcbersicht \u00fcber Ihre Rechte:<\/p>\n\n\n\n<p class=\"has-medium-font-size\"><strong>a) Recht auf Auskunft<\/strong><\/p>\n\n\n\n<p class=\"has-medium-font-size\">Sie haben jederzeit das Recht, von uns eine Auskunft dar\u00fcber zu erhalten, ob Sie betreffende perso-nenbezogene Daten verarbeitet werden. Ist dies der Fall, so haben Sie das Recht, von uns Auskunft \u00fcber die zu Ihnen gespeicherten personenbezogenen Daten und in Art. 15 Abs. 1 und 2 DSGVO auf-gelisteten Informationen im Zusammenhang mit der Verarbeitung Ihrer Daten zu verlangen. Im Rahmen Ihres Auskunftsrechts haben Sie unter den Voraussetzungen des Art. 15 Abs. 3 DSGVO das Recht, eine Kopie Ihrer personenbezogenen Daten zu verlangen. Die erste Kopie ist f\u00fcr Sie kostenfrei, f\u00fcr weitere Kopien kann ein angemessenes Entgelt verlangt werden. Die Bereitstellung einer Kopie erfolgt gem. Art. 15 Abs. 4 DSGVO vorbehaltlich der Rechte und Freiheiten anderer Personen, die durch die \u00dcbermittlung der Datenkopie beeintr\u00e4chtigt sein k\u00f6nnen. Dar\u00fcber hinaus sind die Ein-schr\u00e4nkungen Ihres Auskunftsrechts gem. \u00a7 34 BDSG zu beachten.<\/p>\n\n\n\n<p class=\"has-medium-font-size\"><strong>b) Recht auf Berichtigung<\/strong><\/p>\n\n\n\n<p class=\"has-medium-font-size\">Gem\u00e4\u00df Art. 16 DSGVO k\u00f6nnen Sie unverz\u00fcglich die Berichtigung unrichtiger oder Vervollst\u00e4ndigung Ihrer bei uns gespeicherten personenbezogenen Daten verlangen.<\/p>\n\n\n\n<p class=\"has-medium-font-size\"><strong>c) Recht auf L\u00f6schung (\u201eRecht auf Vergessenwerden\u201c)<\/strong><\/p>\n\n\n\n<p class=\"has-medium-font-size\">Unter den Voraussetzungen von Art. 17 DSGVO haben das Recht, von uns zu verlangen, dass Sie betreffende personenbezogene Daten unverz\u00fcglich gel\u00f6scht werden. Ein Recht auf L\u00f6schung steht Ihnen gem. Art. 17 Abs. 1 DSGVO unter anderem zu, sofern<\/p>\n\n\n\n<ul><li>die personenbezogenen Daten f\u00fcr die Zwecke, f\u00fcr die sie erhoben oder auf sonstige Weise verarbeitet wurden, nicht mehr notwendig sind,<\/li><\/ul>\n\n\n\n<ul><li>Sie Ihre Einwilligung, auf die wir die Verarbeitung gem\u00e4\u00df Art. 6 Abs. 1 lit. a DSGVO gest\u00fctzt haben, widerrufen haben und es an einer anderweitigen Rechtsgrundlage f\u00fcr die Verarbeitung fehlt,<\/li><\/ul>\n\n\n\n<ul><li>Sie gem. Art. 21 Abs. 1 DSGVO Widerspruch gegen die Verarbeitung eingelegt haben und keine vorrangigen berechtigten Gr\u00fcnde f\u00fcr die Verarbeitung vorliegen, oder sofern Sie gem. Art. 21 Abs. 2 DSGVO Widerspruch gegen die Verarbeitung zu Zwecken der Direktwer-bung eingelegt haben,<\/li><\/ul>\n\n\n\n<ul><li>Ihre personenbezogenen Daten unrechtm\u00e4\u00dfig verarbeitet wurden.<\/li><\/ul>\n\n\n\n<p class=\"has-medium-font-size\">Das Recht auf L\u00f6schung unterliegt nach Art. 17 Abs. 3 DSGVO, \u00a7 35 BDSG bestimmten Einschr\u00e4n-kungen. Danach besteht das Recht zur L\u00f6schung unter anderem nicht, soweit die Verarbeitung zur Geltendmachung, Aus\u00fcbung oder Verteidigung von Rechtsanspr\u00fcchen oder zur Erf\u00fcllung einer recht-lichen Verpflichtung, die die Verarbeitung nach dem Recht der Union oder der Mitgliedstaaten, dem der Verantwortliche unterliegt, erfordert, erforderlich ist.<\/p>\n\n\n\n<p class=\"has-medium-font-size\"><strong>d) Recht auf Einschr\u00e4nkung der Verarbeitung<\/strong><\/p>\n\n\n\n<p class=\"has-medium-font-size\">Sie haben unter den Voraussetzungen des Art. 18 Abs. 1 DSGVO das Recht, von uns die Einschr\u00e4nkung der Verarbeitung zu verlangen. Wurde die Verarbeitung der Sie betreffenden perso-nenbezogenen Daten eingeschr\u00e4nkt, d\u00fcrfen diese Daten \u2013 von ihrer Speicherung abgesehen \u2013 nur mit Ihrer Einwilligung oder zur Geltendmachung, Aus\u00fcbung oder Verteidigung von Rechtsanspr\u00fcchen oder zum Schutz der Rechte einer anderen nat\u00fcrlichen oder juristischen Person oder aus Gr\u00fcnden eines wichtigen \u00f6ffentlichen Interesses der Union oder eines Mitgliedstaats verarbeitet werden.<\/p>\n\n\n\n<p class=\"has-medium-font-size\"><strong>e) Recht auf Daten\u00fcbertragbarkeit<\/strong><\/p>\n\n\n\n<p class=\"has-medium-font-size\">Sie haben unter den Voraussetzungen des Art. 20 DSGVO das Recht, die Sie betreffenden personenbezogenen Daten, die Sie uns bereitgestellt haben, in einem strukturierten, g\u00e4ngigen und maschinenlesbaren Format zu erhalten, und Sie haben das Recht, diese Daten einem anderen Verantwortlichen ohne Behinderung durch uns zu \u00fcbermitteln.<br>Bei der Aus\u00fcbung ihres Rechts auf Daten\u00fcbertragbarkeit haben Sie das Recht, zu verlangen, dass wir Ihre personenbezogenen Daten direkt an einen anderen Verantwortlichen \u00fcbermitteln, soweit dies technisch machbar ist.<\/p>\n\n\n\n<p class=\"has-medium-font-size\"><br>Das Recht auf Daten\u00fcbertragbarkeit unterliegt den Einschr\u00e4nkungen des Art. 20 Abs. 3 und 4 DSGVO.<\/p>\n\n\n\n<p class=\"has-medium-font-size\"><strong>f) Widerruf von Einwilligungen<\/strong><\/p>\n\n\n\n<p class=\"has-medium-font-size\">Gem\u00e4\u00df Art. 7 Abs. 3 DSGVO sind Sie berechtigt, Ihre einmal erteilte Einwilligung jederzeit gegen\u00fcber uns zu widerrufen. Dies gilt auch f\u00fcr Datenschutz-Einwilligungen, die Sie uns vor Geltung der DSGVO erteilt haben. Der Widerruf hat zur Folge, dass wir die Datenverarbeitung, die auf dieser Einwilligung beruhte, f\u00fcr die Zukunft nicht mehr fortf\u00fchren d\u00fcrfen. Durch den Widerruf der Einwilligung wird die Rechtm\u00e4\u00dfigkeit der aufgrund der Einwilligung bis zum Widerruf erfolgten Verarbeitung nicht ber\u00fchrt.<\/p>\n\n\n\n<p class=\"has-medium-font-size\"><strong>g) Widerspruchsrecht<\/strong><\/p>\n\n\n\n<p class=\"has-medium-font-size\">Sie haben das Recht, aus Gr\u00fcnden, die sich aus Ihrer besonderen Situation ergeben, jederzeit gegen die Verarbeitung Sie betreffender personenbezogener Daten, die aufgrund von Art. 6 Abs. 1 lit. e oder lit. f DSGVO erfolgt, Widerspruch einzulegen. Wir verarbeiten diese Daten dann nicht mehr, es sei denn, wir k\u00f6nnen zwingende schutzw\u00fcrdige Gr\u00fcnde f\u00fcr die Verarbeitung nachweisen, die Ihre Interessen, Rechte und Freiheiten \u00fcberwiegen, oder die Verarbeitung dient der Geltendmachung, Aus\u00fcbung oder Verteidigung von Rechtsanspr\u00fcchen (Art. 21 DSGVO).<br> Werden Ihre personenbezogenen Daten von uns f\u00fcr Zwecke der Direktwerbung verarbeitet, so haben Sie uneingeschr\u00e4nkt das Recht, jederzeit Widerspruch gegen die Verarbeitung Sie betreffender personenbezogener Daten zu diesen Zwecken einzulegen; dies gilt auch f\u00fcr das Profiling, soweit es mit solcher Direktwerbung in Verbindung steht. Profiling meint die Verwendung von personenbezogenen Daten um bestimmte pers\u00f6nliche Aspekte (z.B. Interessen) zu analysieren oder vorherzusagen.<\/p>\n\n\n\n<h4 class=\"wp-block-heading\"><strong>7.Recht auf Beschwerde bei einer Aufsichtsbeh\u00f6rde<\/strong><\/h4>\n\n\n\n<p class=\"has-medium-font-size\">Sie haben unabh\u00e4ngig von anderweitigen verwaltungsrechtlichen oder gerichtlichen Rechtsbehelfen das Recht auf Beschwerde bei einer Aufsichtsbeh\u00f6rde, wenn Sie der Ansicht sind, dass die Verarbeitung der Sie betreffenden personenbezogenen Daten durch uns gegen die DSGVO verst\u00f6\u00dft, Art. 77 DSGVO. Sie k\u00f6nnen dieses Recht bei einer Aufsichtsbeh\u00f6rde in dem Mitgliedstaat Ihres Aufenthaltsorts, Ihres Arbeitsplatzes oder des Orts des mutma\u00dflichen Versto\u00dfes geltend machen. Die Kontaktdaten der Aufsichtsbeh\u00f6rden in Deutschland finden Sie un-ter https:\/\/www.bfdi.bund.de\/DE\/Infothek\/AnschriftenLinks\/anschriftenlinks-node.html<br>\nBitte beachten Sie, dass f\u00fcr Architekturb\u00fcros die \u201eAufsichtsbeh\u00f6rden f\u00fcr den nicht-\u00f6ffentlichen Be-reich\u201c einschl\u00e4gig sind.<\/p>\n\n\n\n<p>Quelle: Bundesarchitektenkammer <\/p>\n","protected":false},"excerpt":{"rendered":"<p>Informationen zum Datenschutz von Architekturb\u00fcro Roman Becker 1.Gegenstand der Datenschutzerkl\u00e4rung Der Schutz Ihrer personenbezogenen Daten (im Folgenden kurz ,,Daten\u201c) ist uns ein gro\u00dfes und sehr wichtiges Anliegen. Nachfolgend m\u00f6chten wir Sie daher ausf\u00fchrlich dar\u00fcber informieren, welche Daten bei uns erhoben und wie diese von uns im Folgenden verarbeitet oder genutzt werden sowie dar\u00fcber, welche begleitenden&hellip; <a class=\"more-link\" href=\"https:\/\/architekt-r-becker.de\/index.php\/datenschutzerklarung\/\"><span class=\"screen-reader-text\">Datenschutzerkl\u00e4rung<\/span> weiterlesen<\/a><\/p>\n","protected":false},"author":2,"featured_media":0,"parent":0,"menu_order":0,"comment_status":"closed","ping_status":"closed","template":"","meta":{"footnotes":""},"_links":{"self":[{"href":"https:\/\/architekt-r-becker.de\/index.php\/wp-json\/wp\/v2\/pages\/381"}],"collection":[{"href":"https:\/\/architekt-r-becker.de\/index.php\/wp-json\/wp\/v2\/pages"}],"about":[{"href":"https:\/\/architekt-r-becker.de\/index.php\/wp-json\/wp\/v2\/types\/page"}],"author":[{"embeddable":true,"href":"https:\/\/architekt-r-becker.de\/index.php\/wp-json\/wp\/v2\/users\/2"}],"replies":[{"embeddable":true,"href":"https:\/\/architekt-r-becker.de\/index.php\/wp-json\/wp\/v2\/comments?post=381"}],"version-history":[{"count":6,"href":"https:\/\/architekt-r-becker.de\/index.php\/wp-json\/wp\/v2\/pages\/381\/revisions"}],"predecessor-version":[{"id":682,"href":"https:\/\/architekt-r-becker.de\/index.php\/wp-json\/wp\/v2\/pages\/381\/revisions\/682"}],"wp:attachment":[{"href":"https:\/\/architekt-r-becker.de\/index.php\/wp-json\/wp\/v2\/media?parent=381"}],"curies":[{"name":"wp","href":"https:\/\/api.w.org\/{rel}","templated":true}]}}